mainder when 527 is divided by 67?
58
Calculate the remainder when 140 is divided by 47.
46
What is the remainder when 140 is divided by 63?
14
Calculate the remainder when 65 is divided by 23.
19
Calculate the remainder when 119 is divided by 49.
21
What is the remainder when 216 is divided by 120?
96
What is the remainder when 4107 is divided by 79?
78
What is the remainder when 3186 is divided by 319?
315
What is the remainder when 39448 is divided by 383?
382
Calculate the remainder when 819 is divided by 64.
51
What is the remainder when 1733 is divided by 1702?
31
What is the remainder when 3145 is divided by 1567?
11
Calculate the remainder when 5294 is divided by 4.
2
What is the remainder when 151 is divided by 37?
3
What is the remainder when 25 is divided by 9?
7
What is the remainder when 828 is divided by 52?
48
What is the remainder when 266 is divided by 147?
119
Calculate the remainder when 112 is divided by 38.
36
Calculate the remainder when 268 is divided by 35.
23
What is the remainder when 351 is divided by 119?
113
What is the remainder when 106 is divided by 16?
10
What is the remainder when 450 is divided by 11?
10
What is the remainder when 179 is divided by 8?
3
What is the remainder when 72 is divided by 15?
12
Calculate the remainder when 86 is divided by 22.
20
Calculate the remainder when 165 is divided by 25.
15
What is the remainder when 88 is divided by 18?
16
Calculate the remainder when 1053 is divided by 73.
31
What is the remainder when 237 is divided by 61?
54
What is the remainder when 1623 is divided by 64?
23
What is the remainder when 2447 is divided by 70?
67
Calculate the remainder when 376 is divided by 54.
52
What is the remainder when 85 is divided by 85?
0
Calculate the remainder when 225 is divided by 69.
18
Calculate the remainder when 294 is divided by 72.
6
Calculate the remainder when 268 is divided by 74.
46
What is the remainder when 532 is divided by 44?
4
Calculate the remainder when 253 is divided by 20.
13
Calculate the remainder when 178 is divided by 85.
8
What is the remainder when 1674 is divided by 1660?
14
What is the remainder when 3947 is divided by 71?
42
Calculate the remainder when 7 is divided by 7.
0
What is the remainder when 808 is divided by 58?
54
What is the remainder when 292 is divided by 113?
66
Calculate the remainder when 775 is divided by 262.
251
Calculate the remainder when 72 is divided by 45.
27
Calculate the remainder when 704 is divided by 33.
11
Calculate the remainder when 18797 is divided by 200.
197
What is the remainder when 61 is divided by 6?
1
Calculate the remainder when 1648 is divided by 3.
1
Calculate the remainder when 2378 is divided by 182.
12
What is the remainder when 110 is divided by 36?
2
What is the remainder when 34 is divided by 20?
14
Calculate the remainder when 112 is divided by 19.
17
Calculate the remainder when 675 is divided by 20.
15
Calculate the remainder when 1009 is divided by 996.
13
Calculate the remainder when 2208 is divided by 54.
48
Calculate the remainder when 20 is divided by 11.
9
Calculate the remainder when 3180 is divided by 8.
4
What is the remainder when 52 is divided by 7?
3
What is the remainder when 201 is divided by 16?
9
What is the remainder when 92 is divided by 42?
8
Calculate the remainder when 156 is divided by 138.
18
What is the remainder when 133 is divided by 32?
5
Calculate the remainder when 2508 is divided by 2489.
19
Calculate the remainder when 3953 is divided by 7.
5
What is the remainder when 179 is divided by 94?
85
Calculate the remainder when 15 is divided by 3.
0
Calculate the remainder when 809 is divided by 210.
179
Calculate the remainder when 542 is divided by 186.
170
Calculate the remainder when 1054 is divided by 66.
64
Calculate the remainder when 2353 is divided by 62.
59
What is the remainder when 1436 is divided by 81?
59
Calculate the remainder when 464 is divided by 31.
30
What is the remainder when 61 is divided by 5?
1
What is the remainder when 320 is divided by 163?
157
Calculate the remainder when 240 is divided by 22.
20
Calculate the remainder when 430 is divided by 73.
65
Calculate the remainder when 45 is divided by 3.
0
What is the remainder when 6170 is divided by 1539?
14
Calculate the remainder when 1269 is divided by 19.
15
Calculate the remainder when 15551 is divided by 47.
41
What is the remainder when 256 is divided by 31?
8
Calculate the remainder when 954 is divided by 80.
74
Calculate the remainder when 9117 is divided by 94.
93
Calculate the remainder when 25 is divided by 1.
0
What is the remainder when 151 is divided by 11?
8
What is the remainder when 206 is divided by 18?
8
What is the remainder when 10581 is divided by 216?
213
Calculate the remainder when 3094 is divided by 36.
34
Calculate the remainder when 303 is divided by 12.
3
What is the remainder when 149 is divided by 19?
16
Calculate the remainder when 550 is divided by 219.
112
What is the remainder when 254 is divided by 7?
2
Calculate the remainder when 343 is divided by 42.
7
Calculate the remainder when 8 is divided by 2.
0
What is the remainder when 137 is divided by 50?
37
Calculate the remainder when 234 is divided by 209.
25
Calculate the remainder when 321 is divided by 144.
33
Calculate the remainder when 4898 is divided by 14.
12
Calculate the remainder when 319 is divided by 12.
7
Calculate the remainder when 174 is divided by 91.
83
What is the remainder when 379 is divided by 97?
88
Calculate the remainder when 307 is divided by 27.
10
Calculate the remainder when 664 is divided by 224.
216
What is the remainder when 2028 is divided by 169?
0
Calculate the remainder when 69990 is divided by 101.
98
What is the remainder when 1338 is divided by 1338?
0
What is the remainder when 492 is divided by 167?
158
Calculate the remainder when 163 is divided by 24.
19
What is the remainder when 184 is divided by 21?
16
Calculate the remainder when 45 is divided by 17.
11
Calculate the remainder when 911 is divided by 449.
13
Calculate the remainder when 1533 is divided by 26.
25
What is the remainder when 181 is divided by 26?
25
What is the remainder when 757 is divided by 39?
16
What is the remainder when 1225 is divided by 609?
7
Calculate the remainder when 62679 is divided by 20.
19
What is the remainder when 1203 is divided by 21?
6
What is the remainder when 63 is divided by 34?
29
What is the remainder when 430 is divided by 12?
10
What is the remainder when 3443 is divided by 13?
11
Calculate the remainder when 258 is divided by 65.
63
What is the remainder when 635 is divided by 108?
95
What is the remainder when 83 is divided by 42?
41
What is the remainder when 1040 is divided by 504?
32
Calculate the remainder when 3303 is divided by 174.
171
Calculate the remainder when 353 is divided by 51.
47
Calculate the remainder when 468 is divided by 124.
96
What is the remainder when 2751 is divided by 16?
15
Calculate the remainder when 1279 is divided by 12.
7
Calculate the remainder when 634 is divided by 81.
67
What is the remainder when 106 is divided by 20?
6
What is the remainder when 594 is divided by 20?
14
Calculate the remainder when 251 is divided by 72.
35
What is the remainder when 305 is divided by 58?
15
Calculate the remainder when 369 is divided by 89.
13
What is the remainder when 10437 is divided by 73?
71
What is the remainder when 278 is divided by 94?
90
What is the remainder when 110 is divided by 16?
14
What is the remainder when 995 is divided by 37?
33
Calculate the remainder when 114 is divided by 60.
54
Calculate the remainder when 21 is divided by 12.
9
What is the remainder when 12700 is divided by 16?
12
What is the remainder when 375 is divided by 6?
3
What is the remainder when 51 is divided by 15?
6
What is the remainder when 270 is divided by 91?
88
Calculate the remainder when 316 is divided by 27.
19
Calculate the remainder when 2594 is divided by 22.
20
Calculate the remainder when 438 is divided by 45.
33
What is the remainder when 151 is divided by 36?
7
Calculate the remainder when 568 is divided by 13.
9
Calculate the remainder when 4998 is divided by 1664.
6
Calculate the remainder when 35 is divided by 20.
15
Calculate the re